(39 - -18))?
-21
Evaluate 7 + 1 - ((6 - (9 - 0)) + -4).
15
What is -5 + -15 + 20 + (-12 + -4 - 4)?
-20
What is the value of 12 + (-3 - (-3 - (-2 + -4))) - 4?
2
Calculate 22 + (-14 - -9) + -14.
3
Calculate -2 + -5 + 3 - (-6 - -12 - 12).
2
What is 0 + 15 - (11 - (18 + -17))?
5
What is -9 + (-8 - 17) + 54?
20
Calculate -7 + (-13 - -9) + 4 - (-2 - 26).
21
28 + (-19 - (12 - -3))
-6
What is the value of -10 - (14 + -1 - 10 - -20)?
-33
What is the value of 20 + 0 + -14 - 21?
-15
Calculate -29 + (35 - 27) + -4.
-25
What is (1 - 2 - -1) + (19 - 23) + 8?
4
What is 7 + -5 + -33 + 11?
-20
9 - 6 - ((-85 - -90) + (-1 - -1))
-2
Calculate 15 + -19 + -7 + (33 - (3 - -2)).
17
What is the value of (8 + -38 - -9) + 8?
-13
Evaluate 1 + (33 - (41 - 7)).
0
Evaluate (-70 - -61) + -4 + -6 + 4 + 28.
13
What is the value of 8 + 0 + -12 + 6 + -1?
1
What is the value of (11 - 9 - (-1 - -6)) + 7 + -3?
1
What is 2 + (7 + -18 - -6) - -40?
37
0 + -41 + (31 - 24) - (-33 - -27)
-28
Evaluate 11 + (-11 - (5 + -9)).
4
Evaluate -6 + (37 - 48) + 55.
38
What is the value of -16 - (-3 + (17 - (7 - -1) - 6))?
-16
Calculate (-24 - (-4 + -4)) + (9 - -21).
14
What is -3 + (13 - 10) + 3 - 13?
-10
Calculate (9 - (-15 - (-74 + 7))) + 18.
-25
Calculate -94 + 136 - (25 + -8).
25
Calculate (3 + 2 - 0 - 17) + (-2 - -9).
-5
Calculate -9 - (-3 + 1 + (9 - 12) + -10).
6
Calculate (1 - ((4 - (9 + -6)) + 0)) + -15.
-15
What is the value of (-49 - (1 - 49)) + 8 + -1?
6
Evaluate 3 - ((-52 - -50) + (2 - 4)).
7
What is 1 + -20 - (20 - 42)?
3
What is the value of -20 + 12 + 12 + 4 + 19?
27
What is the value of -20 - (-21 - (-19 + 6))?
-12
What is -7 + -36 + -4 + 16?
-31
What is the value of (-7 - (-6 + 6)) + 34 + 9 + -12?
24
What is the value of -11 + (27 - (0 - -1) - (-1315 - -1304))?
26
7 + (-1 - -1 - 9) + 15 + -9
4
What is the value of -13 - (0 - -1) - (-898 - -900)?
-16
Calculate -10 - (-44 + 10) - 31.
-7
What is 23 + -8 + 6 + -33?
-12
What is (29 - 97 - -52) + (1 - 14)?
-29
What is the value of -31 - (8 + -21 + -9)?
-9
Calculate -4 - (-15 - (-11 + 17)).
17
What is the value of -215 + 221 + (12 - 0)?
18
Calculate (0 - 10) + -203 + 203.
-10
Calculate -4 + 9 - (2 + 15).
-12
-12 - (-8 + -4 - (-6 - 2 - -4))
-4
Calculate -5 - -2 - (-43 + 7 + 25).
8
What is -10 - (-24 - (-11 + 10))?
13
Calculate 28 + (-6 - (20 + -7)).
9
What is 12 + 1 + -23 + 17?
7
(13 - 2) + -8 + -9 + 2 - 4
-8
What is 1 + -2 + 8 + (-18 - (-28 + 11))?
6
Calculate 2 + (-22 + 9 - -3 - -2).
-6
What is 1 + -18 + -53 + 60?
-10
What is the value of 31 + (19 - 14) + -8?
28
What is the value of -4 + 0 - (-62 + 51) - 4?
3
Calculate -18 + 9 + 16 + 1.
8
Calculate (-6 - 0) + (31 - (5 + 21)).
-1
What is the value of (7 - -2) + 1 + 0 - (-950 - -946)?
14
What is (4 - 10) + -5 + -1?
-12
What is (268 - 278) + -2 + -4?
-16
Calculate 11 + (-1 - 17 - (19 - 30)).
4
What is -25 - (-5 + (2 - 37))?
15
-28 + -22 + 5 + 33
-12
What is -73 + 93 + -4 + 1 + -6 + 1?
12
-29 + 0 + 6 + 1 + (-10 - -10)
-22
What is the value of -8 + (-23 - -35) - (-1 + 3)?
2
Evaluate 6 - 11 - (-2 - -1).
-4
Calculate -64 + (-16 - -19) + 25.
-36
Evaluate (-2 + -2 - 11) + 20.
5
Calculate (8 - (-6 + 7 + -5)) + 5 - 6.
11
What is 8 + -39 + 14 + (-8 - -10) + -14?
-29
What is -1 + 3 + 8 + -7 + (0 - 2)?
1
What is -15 - ((-12 - -4) + -2)?
-5
Calculate 9 - (-8 - (6 + -7 + -28)).
-12
Calculate -2 - (-1 - (7 - 7 - -6)).
5
What is 22 - ((9 - 20) + 24)?
9
What is (-6 - -1 - (-3 + 4)) + (-11 - -16)?
-1
What is the value of 24 + -21 + (13 - 23)?
-7
-25 + (6 - -9) + -44 + 45
-9
What is (-35 - -72) + -54 + (2 - 0 - 13)?
-28
Calculate 19 - 20 - -7 - (-1 - 1).
8
What is the value of (-6 + 25 - 13) + 2 + -12?
-4
What is the value of (28 - 33) + 36 + -4 + -9?
18
-12 - (-5 - ((4 - -6) + 1 - -17))
21
What is (0 - -4) + (-2 - -4 - -8)?
14
Calculate (67 - 124 - -61) + (-1 - 0 - -15).
18
Evaluate -7 + 1 + (-890 - -885).
-11
Calculate 12 + (-2 - (10 - -3)).
-3
What is the value of -9 - -13 - (0 - -3)?
1
Calculate -13 + (33 - 17) - (0 - (5 - 2)).
6
What is the value of -4 + 3 + -13 + (-109 - -106)?
-17
0 - (-15 + (1 - 7) + (0 - 4))
25
Calculate 2 + (16 - 6 - -5) + 6.
23
What is 19 + 16 + -36 - -3?
2
-11 + 10 + 4 + (-1 - 19)
-17
Calculate 0 - -8 - (-3 + 11 - -18).
-18
What is (-20 - -8 - -16 - -1) + -26 + 1?
-20
Calculate (-7 - -7) + 2 + -4.
-2
Evaluate (1 - -2 - -32) + 14 + -27.
22
Evaluate -1 + 24 - (21 - 3).
5
Calculate 6 + (-7 - (-5 - -4) - -11).
11
What is the value of -11 + 17 + 6 + (-5 - -3) + -25?
-15
-6 - (10 + (7 - 10) + -4)
-9
What is 0 + 3 - (12 + 26 + -23)?
-12
Calculate (-29 - -21) + 2 + -3 - -17 - -6.
14
What is -9 + (-16 - -8) + 22 + -1?
4
-2 + -12 + 17 + 2
5
0 - -3 - (-1 + -6 - -9)
1
What is the value of (-2 - -16) + (185 - 211) + (-3 - -1)?
-14
(-3 - (-6 - (-3 - -8))) + -16 + 2
-6
Evaluate (-1 - -7 - (19 + -7)) + 13.
7
-30 + -6 + 18 - -28
10
Evaluate -6 + -2 + (11 - 3) - (0 - -6).
-6
What is the value of -6 + 2 + (10 - 13) + 3?
-4
12 - ((4 - 6) + 25)
-11
What is (-13 - -20) + 4 + -5 + -17?
-11
Calculate -1 - 1 - 9 - (74 - 85).
0
Evaluate -8 - (-1 - 9 - 1) - 19.
-16
Evaluate (11 + -4 + -1 - 1) + -12 - -20.
13
-7 - (0 + (-2 - 2) + (-27 - -31))
-7
(7 - (2 + -24)) + -7
22
What is -5 + -6 + 5 + 15 + 17 - 5?
21
Evaluate (-29 + -2 - -22) + 23 + -1.
13
What is the value of 7 + (-3 - -13 - 19)?
-2
What is -6 - 1 - ((-7 - 0) + 11 + 2)?
-13
What is 14 + (-12 - (-5 - 6))?
13
What is the value of -2 - (-2 + -8 - 0)?
8
What is -6 + (3 + 0 + -7 - (-5 - -7))?
-12
What is 0 - ((-4 - -7) + (0 - 0) + 1)?
-4
What is -40 - -46 - (1 + -1 + 8)?
-2
Calculate 8 + (3 + 4 + -7 - (-5 + -1)).
14
What is -17 + (-22 - (3 - 40))?
-2
What is (20 + -1 - 3) + -8?
8
What is -14 + 28 - (-3 - -3) - 42?
-28
Evaluate (9 - -2) + (2 - (-2 - 0) - 3).
12
Evaluate (-8 - -7) + -5 + 1.
-5
37 - 19 - -12 - 59
-29
Calculate 15 + 0 + -27 + (30 - 8).
10
What is (-2 - -5 - 7) + -8 - (2 + -10)?
-4
What is (-75 - -33 - -35) + 35?
28
What is 9 - ((1 - -8) + -4) - (-11 - -29)?
-14
Evaluate (-6 - -13) + -17 + 24.
14
What is (-2 - (-2 + -4 + -3)) + -11?
-4
-21 - (17 + -5 + -40)
7
What is the value of -23 + (16 - (1 - -6 - 0))?
-14
What is the value of 16 - -10 - (12 - (-5 - -6))?
15
What is 10 - 16 - 6 - -12?
0
What is the value of -54 - (65 + -132) - (31 + 1)?
-19
8 + (3 + 0 - (19 - (-1 - -15)))
6
What is the value of 43 + (-81 - -11) - 1?
-28
Evaluate -10 + -12 - -13 - 21.
-30
What is the value of 5 + -1 + 6 + -4?
6
What is the value of (-28 + (-28 - -36) - -43) + (2 - 1)?
24
Calculate 21 + 1 + 7 + (59 - 75).
13
What is 1 + (2 + 1 - -2) + -17745 + 17748?
9
What is the value of 14 + (119 + -113 - (8 + -1))?
13
Evaluate 4 - (65 - 36 - (-1 + 6)).
-20
Calculate 33 + -39 - (23 - 11).
-18
Calculate (0 - 6) + (2 + (-7 - -1) - -3).
-7
What is (0 - 9 - -7) + 14 + (-3 - -5)?
14
-60 - -46 - (9 + 4 + 4)
-31
Evaluate -1 - (3 + (-4 - -7) - (5 - 2)).
-4
Evaluate 16 - (15 + -14 - -5).
10
0 + (7 - -6 - 3)
10
What is -8 - (-2 - -14) - -7 - -37?
24
What is the value of 4 + -1 - -4 - 5 - -2?
4
Calculate (0 - 13) + (1 - (-16 + 13 - 5)).
-4
Calculate 0 - (13 + -9) - 25.
-29
Calculate 6 + -12 + 23 - (-1 + 5).
13
What is (-7 - (-5 - 13)) + 6 - 22?
-5
-1 + 1 - (6 - (-57 + 29))
-34
Evaluate 7 + -11 + -6 + -6 - (-17 + 19).
-18
Calculate 25 - (12 + -3 + 6).
10
What is -12 + -1 - 0 - -4?
-9
What is -24 - (-9 - (-8 + 0 - -7))?
-16
Evaluate 4 + -2 + 0 - (143 + -31 - 143).
33
Calculate 13 - (12 + -3 + -6).
10
What is (-4 - (-1 - (1 + 6))) + 7 + 0?
11
Calculate -5 + 6 - (-22 + 0) - (13 - 16).
26
(-15 - -11) + (63 - 48 - (4 - 1))
8
What is 47 + -44 + (-3 - -5)?
5
What is the value of (3 + -4 - -4) + -22 + -1 - -6?
-14
Calculate (-12 - (-8 - 9)) + -2 + (2 - 1).
4
What is (-5 - -4) + (0 - (1 - 9 - -9))?
-2
What is the value of -149 + 146 - (3 - -18)?
-24
Calculate -15 + 16 - (-11 - ((-2 - 6) + 0)).
4
Evaluate (5 - (4 - 5) - 10) + -1 + -1.
-6
Evaluate 20 + -10 + (2 - (-1 + -3 + 34)).
-18
Calculate (-9 - -5) + (1 - -3) + 6.
6
Calculate (0 + 2 + -12 - 1) + 77 + -77.
-11
What is the value of 4 - (8 - (-8 - (-10 - 2)))?
0
Evaluate 3 - (24 + -7 + -1) - -14.
1
Evaluate (5 - (-4 + 6 + 3 - -2)) + -7.
-9
What is the value of 2 - (-12 + -9 + 7)?
16
Evaluate (12 - 6 - 2) + (-58 - -19) + 8.
-27
28 + -23 - (-1 + -4) - 5 - 4
1
Calculate (4 - 1) + (6 - 5 - -6).
10
Calculate (-2 - (-6 - -8 - -3)) + 9 + 1.
3
E